= 2*y**2 - 22*y + 25. Let g be x(10). Suppose g*p + 30 = -0*p. Determine a(p).
-6
Suppose -12 = -6*u + 24. Let x(w) be the first derivative of 3*w + 8/3*w**3 - 1/4*w**4 - 10 - 9/2*w**2. Determine x(u).
21
Let h be (-6)/15 + ((-510)/(-60) - 1/10). Let t(g) = 23*g - 178. Give t(h).
6
Let w = 5 + -11. Let q(f) = -29*f**2 - 60*f - 8. Let c(p) = 63*p**2 + 131*p + 16. Let m(x) = -6*c(x) - 13*q(x). Calculate m(w).
8
Suppose -3*m = -2*q + 6*q + 3, 5*q = 2*m + 25. Let r = 393 + -391. Let p(d) = 2 + 4 + r*d - 10. Calculate p(q).
2
Let h be -2*36/126*7/2. Let z(q) = 19*q + 3. What is z(h)?
-35
Let p(m) be the third derivative of -13*m**5/60 + m**3 + 601*m**2. Give p(-2).
-46
Suppose -3*q + 29 = -m, 3*m + 10 = -2*m. Let n(o) = -o**2 + 9*o - 1. Let t be n(q). Let k(c) = 0*c + 1 - 9*c**3 + c + 0*c. What is k(t)?
9
Suppose 0 = -6*b + 8*b + 24. Let h be (-4)/(-7)*(-42)/b. Suppose 0 = 3*m - 3*f + 6, h*m + 5*f - 2 = 5*m. Let g(p) = p**3 + 5*p**2 + 2*p - 2. Determine g(m).
6
Suppose -3*x - 5*b - 40 = 0, -5*x + 2*b = -3*x. Let i be (-3 - -1 - x)*(-7)/3. Let f(w) = -2 + 8*w**2 + 38*w - 99*w + w**3 + 36*w + 32*w. Give f(i).
-2
Suppose 0 = -12*z - 6*z + 18. Let a(u) = -232*u**2 + 117*u**2 + z + 108*u**2 - 2*u. Give a(1).
-8
Let u(y) be the first derivative of y**3 - y**2/2 - 3*y - 1938. Give u(-2).
11
Let a(y) be the second derivative of 2*y**3 - 39*y**2 + 37*y - 19. Calculate a(9).
30
Let r(u) = u - 10. Let q be (-1)/((-4)/(-3)) - (-90)/(-8). Let w be r(q). Let c = 25 + w. Let k(y) = -2*y - 1. Determine k(c).
-7
Let g(m) be the second derivative of -1/20*m**5 - 1/4*m**4 - 7*m + 3 + m**3 + 7/2*m**2. Calculate g(-5).
27
Let d(a) = a**3 + 11*a**2 + 11*a + 9. Let g be 3492/144 - 1/4. Let z be 104/(-10) + g/60. Calculate d(z).
-1
Let b be (-11 + (-240)/(-18))/(7/15). Let w = -3 - -5. Let o(i) = -4*i - 3*i + b*i + w*i**3 + 0*i**2 + i**2. Calculate o(-2).
-8
Let i be -6 + 12 + 22 + -1. Suppose -2*f = -3*l + i, 2*l + 2 = -5*f + 1. Let m(o) = -o**3 + 7*o**2 - 7. Determine m(l).
-7
Let m(z) = z**2 - 5*z + 7. Let c be (-2 - 4)/(15*(-17)/425). What is m(c)?
57
Let v(y) be the third derivative of y**6/120 - 2*y**5/15 + y**4/4 + 2*y**3/3 - 709*y**2 + 2*y. Give v(6).
-32
Let v(u) = 4*u - 3. Let x be 2 + (2/(-5))/(18/90). Determine v(x).
-3
Let l be (-70)/2 + 210/30. Let b(t) = t**2 + 27*t - 41. Determine b(l).
-13
Let d(g) = -4*g + 9. Let n(m) = -11*m + 26. Let i(w) = -8*d(w) + 3*n(w). Let z(h) = 11*h + 50. Let t be z(-5). Determine i(t).
11
Let j(v) = -v + 15. Let u(a) = -4*a**3 - 67*a**2 + 17*a. Let t be u(-17). Suppose b - 3*c - 13 = t, 3*c = 3*b + 7*c - 39. Calculate j(b).
2
Let a be ((-8)/(-18))/(17/((-153)/(-2))). Let x(g) = -3*g**2 + 15*g - 4 - g + 5*g + 4*g**a - 10*g. Calculate x(-10).
6
Let n(k) = k**2 - 10*k - 2. Let a be n(10). Let u(y) = -3*y + 2*y - y + 7*y. Give u(a).
-10
Let m(k) = -10*k**2 - 1951 + 1952 + 6*k + 11*k**2. Let q(o) be the first derivative of -o**3/3 + 4*o**2 + 2*o + 1. Let x be q(9). Calculate m(x).
8
Let n(g) = -1 + 0 + 2*g**2 + 3 + 3*g. Suppose 0 = -44*m + 54*m + 20. Let o(a) = -a**2 - 4*a - 2. Let s(i) = m*n(i) - 3*o(i). What is s(5)?
7
Let o(s) be the third derivative of s**4/24 + s**3/3 - 2*s**2 - 2044. Suppose d + 8 = 2*d. Determine o(d).
10
Let u(t) = 4216*t + 300 + 4220*t - 8485*t. What is u(6)?
6
Let s(k) = 4*k + 4. Let t(q) = -18*q - 18. Let r(z) = -5*s(z) - t(z). Let d = 7 + -9. Calculate r(d).
2
Let r(u) = u**3 + 2*u**2 - 5*u - 4. Let f be r(-3). Let h(c) = -2*c**3 - c**2 + 3*c - 2. Calculate h(f).
-16
Let n(h) = -2*h**3 - 4*h**2 + 3*h + 12. Let k(y) = 7*y**3 + 11*y**2 - 13*y - 48. Let a(g) = -3*k(g) - 11*n(g). Calculate a(-10).
52
Let k(i) = -i**2 - 23*i - 105. Let p be k(-7). Let n(a) = a**2 - 9*a + 15. Calculate n(p).
1
Let h be 2/6 - (-560)/12. Let q(p) = 1 + p - 8*p + h*p**2 - p - 48*p**2. Suppose 4*k - 45 = 5*n - 102, 45 = -5*k + n. Calculate q(k).
1
Let f(j) = -20*j**2 - j + 9. Let k(u) = -105*u**2 - 4*u + 48. Let r(i) = -11*f(i) + 2*k(i). Determine r(-3).
78
Suppose 3*b = 41 + 37. Suppose -10940*i + 160 = -10932*i. Suppose -b = 2*n - i. Let c(l) = -l**2 - 1. What is c(n)?
-10
Let x(w) = -25*w**2 - w + 1. Let i(u) = -25 + 0 - 2*u**2 + 25. Let v(b) = 6*i(b) - x(b). Calculate v(1).
13
Let v(s) = s**2 + 5*s. Suppose 12*i + 612 = 16*i. Let w = i - 159. What is v(w)?
6
Let s(h) be the second derivative of 0 + 5*h**2 + 1/6*h**3 + 94*h. What is s(10)?
20
Let x(f) = f**3 + 4*f**2 + 6*f + 5. Let i = 627 + -654. Let j be -14 + (-288)/i + 2/6. Calculate x(j).
-4
Let x(p) = -10*p**2 + 49*p**2 - p - 4*p**3 - 20*p**2 - 12*p**2 + 1 - 8*p**2. Determine x(1).
-5
Let h be 4/(-4*7/1554). Let i = 220 + h. Let b(d) = 2*d**3 + d**2 - d + 1. Determine b(i).
-9
Let z = 5741 - 5743. Let n(a) = 4*a**2 + 15*a + 8. What is n(z)?
-6
Let h(i) = -3*i - 17. Let m be h(-7). Let x(a) = -a**3 + 2*a**2 + 11*a - 5. Let d be x(m). Let o(w) = -w**3 + w + d + 0*w - 6*w - 8*w**2 - w. Calculate o(-7).
0
Suppose 0 = -j - 5*g + 3, -66 = j - 5*g - 69. Let y(u) be the second derivative of -1/6*u**j + u**2 + 0 + 19*u. Determine y(-5).
7
Let s(x) = -50*x + 72 + 22*x - 6*x + 16*x + 16*x. Calculate s(37).
-2
Let w(o) = -3*o + 37. Let z(s) = 13*s**2 + 136*s + 135. Let r be z(-1). Determine w(r).
1
Let k(y) = -y - 16. Let g be (-38)/76*3*2*-1. Let j be 31/g - (-24)/36. Suppose 8*c = j*c + 21. Calculate k(c).
-9
Let t(p) = 15*p**2 - 37*p + 105. Let l(i) = 41*i**2 - 103*i + 313. Let b(c) = 4*l(c) - 11*t(c). Calculate b(7).
13
Suppose 2*p + 9*p + 23*p = -170. Let g(d) = d + 1. Let z(y) = -4*y - 3. Let r(t) = 6*g(t) + z(t). What is r(p)?
-7
Suppose -4*q = -4*k - 20, 3*k + q = 8*k + 37. Let o(c) = -2*c**3 - 4*c**2 - c + 2. Let t be o(-2). Let f(b) = -t*b**2 - 8*b + 3*b**2 + 0*b**2 - 1. Give f(k).
-1
Suppose -k - 20 = -15*n + 20*n, -2*n - 35 = -5*k. Let q(w) = w**3 + 8*w**2 + 19*w + 17. Give q(n).
-3
Let j(x) = -15*x + 19 - 34 + 3*x**2 - 2*x**3 + 23*x - 15*x**2. What is j(-7)?
27
Let l(n) = 17*n**2 - 4*n + 4. Let a(w) = -17*w**2 + 4*w - 4. Let b(z) = -7*a(z) - 6*l(z). What is b(1)?
17
Let n(l) = 11*l**2 + 13*l + 11. Let v(a) = -14*a**2 - 14*a - 13. Let z(f) = 5*n(f) + 4*v(f). Let b = -166 + 176. Calculate z(b).
-7
Suppose 5*v = 3*m - 81, 0 = -2*v + 3*m + 68 - 104. Let r(c) = 0*c - 2*c + 0*c - 14 - 22. Calculate r(v).
-6
Let t(o) = o - 2869 - o - 2879 - 2*o + 5745. Suppose 2*u - 33 = -5*x, -5*u = 5*x - 8*x - 5. Suppose 0*h + p + 23 = 4*h, x*h + p = 31. Determine t(h).
-15
Let w be 33*124*((-85)/(-30))/17. Let r = 679 - w. Let y(v) = -3*v - 1. Determine y(r).
8
Let i(y) = y**2 - 31*y - 550. Let a be i(44). Let u(d) = 2*d**3 - 43*d**2 - 21*d - 36. Give u(a).
-14
Suppose 5*b + 15 = -0*b. Let a be 2 + -6 - (2 + -9). Let f(z) = 3*z + 2*z - z - 5*z - a. Determine f(b).
0
Let p(b) = 3*b - 24. Let j(y) = y - 8. Let n(f) = 14*j(f) - 4*p(f). Let d be n(10). Let a(l) = -7 + 7*l**2 + 2 - 4*l - 2*l**2 - 3*l**2 - l**2. Determine a(d).
-5
Suppose -21*i + 2 = -20*i. Let j(x) = 0 + 4*x**3 + x**2 - x**i + x + 1 - 3*x**2. What is j(1)?
3
Let h(l) = -l**3 - 5*l**2 + l - 7. Let j = 325 - 330. Determine h(j).
-12
Let c(k) be the third derivative of k**5/60 - k**4/2 + 37*k**3/6 + 5546*k**2. Give c(6).
1
Let l be (-8)/44 - (74/(-2035))/(1/5). Let p(u) = -u**2 + 7. Give p(l).
7
Let i(r) = 4*r - 5 - 4*r + 5*r**2 + r + r**3. Let d(j) = j**2 - 4*j - 33. Let g be d(-5). Let z = g + -16. Give i(z).
7
Let t(j) = 1. Let l be 6/(-4)*(-28 + 12). Let w(u) = -u + 8. Let x(i) = l*t(i) - 3*w(i). Let q(a) = a**3 + 71*a**2 + 453*a + 28. Let p be q(-7). Determine x(p).
-21
Let p(l) = -2*l**2 - 32*l + 757. Let b be p(-29). Let i(j) be the second derivative of 0*j**b + 1/2*j**4 - 7/2*j**2 + 1/20*j**5 - 16*j + 0. Calculate i(-6).
-7
Let j(h) be the first derivative of h**3/3 - 5*h**2/2 - 83*h - 2925. Give j(11).
-17
Let g(d) = 5*d**3 - 8*d**2 + 5*d + 2. Let n(b) = -3*b**3 - 67*b**2 - 38*b - 350. Let f be n(-22). What is g(f)?
20
Let k(l) = l**2 - 4*l + 21. Let w be 105/10 + 273/(-78). Calculate k(w).
42
Let a = -760 - -755. Let q(b) = -b**3 - 6*b**2 - 4*b + 3. Give q(a).
-2
Let a(r) = 5*r + 2. Let l(f) = f + 6. Let u(h) = -11*h - 17. Let b(g) = -2*l(g) - u(g). Let c(t) = 11*a(t) - 6*b(t). Determine c(12).
4
Let s(a) = a**3 + 10*a**2 - 3*a - 32. Let m be s(-10). Suppose -2*j + 2 = 2*w, -4*w + 0*w = j + 2. Let n(p) = 1 + 5*p - 4*